t**2 + 71*t - 17. Determine j(-12).
-5
Let o(b) = -10*b**2 - 11*b + 56. What is o(2)?
-6
Let s(r) = -r**2 - 62*r - 583. Calculate s(-50).
17
Let c(m) = -25*m + 12. Give c(8).
-188
Let k(f) = f**3 - 30*f**2 + 14*f + 69. Determine k(30).
489
Let j(u) = u**2 - 124*u - 609. What is j(-5)?
36
Let y(p) = 25*p + 208. Give y(-7).
33
Let o(i) = 8*i**2 + 86*i + 237. Determine o(-3).
51
Let m(x) = -x**3 + 9*x**2 + 29*x - 87. Determine m(-4).
5
Let j(y) = y**3 - 7*y**2 - 87. What is j(0)?
-87
Let d(l) = -39*l**3 - 1756*l**2 - 40*l + 236. Give d(-45).
11
Let k(b) = 26*b - 17. Determine k(1).
9
Let p(y) = -y + 120. What is p(26)?
94
Let x(j) = -129*j - 1316. What is x(-10)?
-26
Let p(t) = t**2 + 14*t - 12. Give p(-17).
39
Let w(t) = 2605*t - 18236. Calculate w(7).
-1
Let j(q) = -2*q**2 - 85*q + 176. Calculate j(-43).
133
Let k(i) = -i**3 - 36*i**2 + 59*i + 849. What is k(-37)?
35
Let o(b) = 2*b**2 - 267*b + 135. What is o(133)?
2
Let t(b) = -1682*b + 1679. What is t(1)?
-3
Let r(i) = 3*i - 89. What is r(9)?
-62
Let g(l) = -3*l**2 + 134*l + 78. Give g(46).
-106
Let g(x) = 3*x**2 - 339*x - 23180. Determine g(161).
4
Let s(b) = -24*b**2 + 45*b - 18. Determine s(1).
3
Let u(j) = 21*j - 107. Give u(8).
61
Let q(f) = -9*f**2 + 673*f + 12114. Calculate q(-15).
-6
Let x(i) = -9465*i + 18938. What is x(2)?
8
Let z(j) = 90*j**2 - 104*j - 10. What is z(1)?
-24
Let m(p) = -p**3 - 15*p**2 - 5*p + 225. What is m(0)?
225
Let d(f) = 10*f + 239. Calculate d(-19).
49
Let f(d) = 51*d - 2242. What is f(44)?
2
Let y(u) = 27*u - 115. Determine y(-13).
-466
Let w(c) = -c**2 - 20*c + 111. Give w(6).
-45
Let w(o) = -o**3 - 25*o**2 + 3*o + 67. Calculate w(-25).
-8
Let i(x) = -4*x**3 + 223*x**2 + 51*x + 303. Give i(56).
23
Let v(h) = 5*h**2 + 75*h + 259. Calculate v(-10).
9
Let o(p) = 21*p + 1775. Determine o(-86).
-31
Let d(n) = -752*n - 3760. Determine d(-5).
0
Let x(z) = -z**3 + 46*z**2 - 4*z + 186. Determine x(46).
2
Let p(u) = -u**3 + 10*u**2 + 536*u - 3891. Calculate p(7).
8
Let x(h) = h**3 - 19*h**2 - 65*h - 77. Calculate x(22).
-55
Let u(m) = -m**3 + 2*m**2 + 25*m - 160. What is u(-6)?
-22
Let n(l) = -4*l**2 - 294*l + 1913. Calculate n(6).
5
Let m(x) = -135*x - 488. Give m(-5).
187
Let q(g) = -1421*g + 9951. Determine q(7).
4
Let x(v) = v**3 + 2*v**2 - 7*v - 1. Give x(4).
67
Let z(q) = 617*q + 600. Calculate z(-1).
-17
Let w(r) = r**3 + 23*r**2 + 14*r - 33. Calculate w(-22).
143
Let m(n) = 1780*n - 14221. What is m(8)?
19
Let j(y) = 137*y - 10953. What is j(80)?
7
Let t(c) = -10*c**3 + c**2 + 89*c + 87. Give t(-1).
9
Let f(k) = -4258*k - 29877. What is f(-7)?
-71
Let j(u) = -u**3 + 8*u**2 + 85*u - 651. What is j(10)?
-1
Let u(k) = -124*k + 1819. What is u(15)?
-41
Let v(n) = -n**2 - 39*n - 524. Determine v(-34).
-354
Let j(s) = -173*s + 6914. Calculate j(40).
-6
Let f(w) = 49*w**2 + 315*w + 343. Give f(-5).
-7
Let x(u) = u**2 - 34*u - 434. Give x(43).
-47
Let w(n) = 307*n + 3097. Determine w(-10).
27
Let k(o) = -75*o + 853. Calculate k(12).
-47
Let r(z) = 7*z**3 - 527*z**2 - 925*z + 91. Give r(77).
14
Let z(q) = q**2 - 10*q + 17. What is z(-22)?
721
Let i(w) = -w**2 - 42*w + 403. Calculate i(-48).
115
Let k(t) = 64*t**2 + 829*t + 829. Give k(-1).
64
Let o(m) = -2*m**2 - 279*m + 1418. Determine o(5).
-27
Let k(v) = 3*v**2 - 23*v - 25. Calculate k(13).
183
Let l(z) = -11*z**3 - 36*z**2 - 34*z - 72. Give l(-3).
3
Let i(p) = p**2 + 38*p + 282. Give i(-12).
-30
Let u(m) = -2*m**3 + 10*m**2 - 94*m + 373. What is u(5)?
-97
Let k(n) = -18*n**2 + 47. Calculate k(0).
47
Let y(u) = 12*u**2 - 7*u - 17. Calculate y(4).
147
Let f(z) = z**3 - 61*z**2 - 59*z - 200. Determine f(62).
-14
Let v(u) = -u**2 - 3904*u - 23386. Determine v(-6).
2
Let f(l) = 22*l**3 - 354*l**2 + 30*l + 46. What is f(16)?
14
Let x(g) = g**3 + 8*g**2 - 25*g - 55. What is x(-10)?
-5
Let a(f) = -2*f**2 - 102*f + 252. Determine a(-53).
40
Let o(q) = 2*q**2 - 29*q - 285. What is o(-7)?
16
Let r(c) = 2*c**3 + 15*c**2 - 199*c - 1594. Determine r(-9).
-46
Let c(j) = -j**3 - 6*j**2 + 69*j + 426. What is c(-7)?
-8
Let k(z) = -5164*z + 41307. Give k(8).
-5
Let p(m) = -79*m - 2589. Calculate p(-32).
-61
Let y(c) = 30*c**2 - 1918*c - 111. Give y(64).
17
Let n(x) = -2*x**3 + 50*x**2 - 49*x - 24. Give n(24).
-48
Let r(v) = 4*v**3 + 409*v - 410. Determine r(1).
3
Let m(l) = -70*l - 661. Calculate m(-14).
319
Let i(t) = -20*t**2 + 48*t + 6. Determine i(2).
22
Let x(t) = t**3 + 5*t**2 + 12*t + 25. What is x(-4)?
-7
Let u(s) = -s**3 + 51*s**2 - 34*s - 810. What is u(50)?
-10
Let x(b) = 651*b - 1302. Determine x(2).
0
Let u(g) = -86*g + 6125. Calculate u(71).
19
Let i(k) = 25*k**2 + 69*k + 43. Calculate i(-2).
5
Let p(d) = d**3 - 24*d**2 - 84*d + 61. Determine p(27).
-20
Let h(u) = 63*u + 1326. Calculate h(-21).
3
Let l(a) = 119*a - 6297. Give l(53).
10
Let d(u) = 6*u**2 - 113*u - 25. What is d(19)?
-6
Let s(z) = -84*z + 801. Give s(12).
-207
Let y(t) = -9*t**2 - 2584*t + 21250. What is y(8)?
2
Let m(q) = -300*q + 11. Calculate m(1).
-289
Let x(c) = -145*c**2 + 6528*c - 132. What is x(45)?
3
Let t(w) = w**2 - 91*w + 1735. Calculate t(27).
7
Let t(s) = s**2 - 241*s - 21789. Calculate t(-70).
-19
Let m(g) = 9*g**2 + 69*g - 14. Calculate m(-6).
-104
Let h(n) = 31*n**2 - 2945*n + 3. Determine h(95).
3
Let l(s) = -4*s**2 + 182*s + 2489. Give l(-11).
3
Let c(v) = -3*v**2 - 10*v + 220. Determine c(7).
3
Let t(n) = -589*n - 3547. Give t(-6).
-13
Let x(u) = 7*u**3 + 39*u**2 - 18*u + 8. Give x(-6).
8
Let z(b) = -b**3 + 3*b**2 + 70*b - 4. Calculate z(11).
-202
Let p(y) = -7*y**2 - 320*y + 1632. Determine p(5).
-143
Let m(n) = -35*n**2 + 187*n - 3. Calculate m(5).
57
Let u(c) = c**3 + 10*c**2 - 13*c - 5. Calculate u(-11).
17
Let m(d) = -d**3 - 35*d**2 - 64*d + 64. Give m(-33).
-2
Let h(f) = -405*f + 17812. Determine h(44).
-8
Let p(i) = -98*i**2 - 17*i. Calculate p(1).
-115
Let h(l) = l**2 + 151*l + 603. Give h(-4).
15
Let z(c) = -4*c**3 + 7*c**2 - 2. Give z(5).
-327
Let p(q) = 3*q**2 + q - 148. What is p(0)?
-148
Let w(o) = -2*o**2 - 223*o + 3668. Determine w(-126).
14
Let c(o) = -129*o - 3570. Determine c(-28).
42
Let g(v) = 2*v**3 - 16*v**2 + 25*v - 5. Give g(6).
1
Let g(k) = 22*k**2 + 175*k + 5. Determine g(-11).
742
Let l(t) = 13*t - 5. Determine l(8).
99
Let j(r) = -108*r + 1519. Give j(4).
1087
Let r(x) = 3*x**3 - x**2 - 16*x - 10. What is r(-2)?
-6
Let l(q) = 2*q**2 - 69. What is l(12)?
219
Let i(g) = -160*g - 4966. Calculate i(-31).
-6
Let f(z) = -646*z + 5122. Calculate f(8).
-46
Let s(p) = -p**3 - 12*p**2 + p - 6. Calculate s(-4).
-138
Let c(f) = 20*f + 470. Determine c(-24).
-10
Let t(c) = -6*c**3 - 2*c**2 - 5. What is t(3)?
-185
Let y(b) = -19*b**2 + 1047*b - 2092. Determine y(2).
-74
Let c(h) = 834*h + 34165. Calculate c(-41).
-29
Let t(a) = -30*a**2 - 1651*a - 57. Calculate t(-55).
-2
Let a(w) = w**2 + 115*w + 1058. What is a(-10)?
8
Let f(m) = m**2 + 23*m - 2625. Calculate f(-64).
-1
Let z(b) = b**3 + 13*b**2 - 52*b - 65. Give z(-16).
-1
Let x(o) = o**3 + 18*o**2 - 3*o + 7. Determine x(-18).
61
Let n(m) = -2*m**3 - 361*m**2 - 887*m + 515. Give n(-178).
-19
Let u(s) = -2*s**2 - 629*s + 3163. What is u(5)?
-32
Let r(n) = -2*n**2 + 29*n + 1227. Calculate r(33).
6
Let u(o) = o**3 + 14*o**2 - 4*o - 220. Give u(-13).
1
Let s(q) = q**3 + 120*q**2 - 480*q + 1852. Determine s(-124).
-132
Let k(p) = 158*p + 1475. Determine k(-9).
53
Let s(f) = 981*f + 74563. Determine s(-76).
7
Let k(o) = -3*o**2 - 136*o - 817. What is k(-39)?
-76
Let g(l) = -36*l**2 + 294*l - 24. Calculate g(8).
24
Let d(b) = 1438*b + 1404. Calculate d(-1).
-34
Let d(g) = 274*g + 1303. Give d(-6).
-341
Let t(u) = -u**3 + 26*u**2 - 131*u - 240. Determine t(18).
-6
Let b(l) = l**3 + 177*l**2 - 710*l + 2534. What is b(-181)?
0
Let a(v) = v**2 - 184*v - 3026. Determine a(-15).
-41
Let m(z) = 1410*z + 19749. What is m(-14)?
9
Let t(g) = -3*g - 181. What is t(0)?
-181
Let s(n) = -n**2 - 100*n - 2020. Calculate s(-72).
-4
Let u(x) = 285*x - 830. What is u(3)?
25
Let a(p) = -p**2 + 511*p + 12286. Give a(-23).
4
Let w(f) = f**2 - 83*f + 595. Give w(75).
-5
Let p(z) = z**3 + 21*z**2 - 80*z + 5. Calculate p(4).
85
Let l(m) = -637*m + 1352. What is l(2)?
78
Let m(k) = -2540*k + 25408. What is m(10)?
8
Let k(p) = 156*p - 662. Calculate k(4).
-38
Let o(r) = -2*r**3 + 19*r**2 + 3*r + 3